What is the units digit of m(7)?
3
What is the units digit of ((-493)/87)/(4 - 56692/14172)?
7
Suppose 8 = 5*s + 4*c, 4*s + 3*c - 2*c = 2. Suppose -4*a = -4*j + 452, -a + s*j - 112 = -2*j. What is the tens digit of (0 - a/4)/(35/140)?
1
Let s be (14/((-112)/(-60)))/(2/(-4)). What is the tens digit of 6/(-18) - 8195/s?
4
Let m = -366 - -446. Suppose 0 = -5*k - 10, 0 = 3*o + 4*k - m - 548. What is the hundreds digit of o?
2
Let n = 15 - 15. Suppose 2*v - 8 - 16 = n. What is the units digit of (-111)/2*(-16)/v?
4
Let d be 3*(-3 + 3792/(-18)). Let x = -293 - d. What is the hundreds digit of x?
3
Let m(z) = 3442*z - 4449. What is the hundreds digit of m(18)?
5
Let x = 2 + 25. Suppose x*k - 288 = 23*k. What is the units digit of k?
2
Let i = 3935 + 2552. What is the hundreds digit of i?
4
Suppose -4 = -4*i, -4*a - a = -2*i - 98. Suppose 1 = -v + a. What is the units digit of v?
9
Let c be (-1105)/(-8) + (-11)/88. Suppose -22*d + c = -4944. What is the units digit of d?
1
What is the hundreds digit of 44562 - 8*12/(-48)?
5
Let q be (-180)/(-5) - (-2*1 - 0). Let i = 47 - q. Suppose 0 = i*m - 297 - 279. What is the units digit of m?
4
Let f(v) be the first derivative of 7*v**3/3 + 19*v**2 + 131*v - 32. What is the tens digit of f(-4)?
9
Let d = -1147 + 3778. Let i = -1339 + d. What is the hundreds digit of i?
2
Let k(x) = -56*x**2 + 45*x - 41. Let z(p) = 28*p**2 - 23*p + 20. Let f(i) = 6*k(i) + 13*z(i). What is the units digit of f(5)?
9
Let i(p) = 2*p**2 - 15*p + 35. Let d be i(12). Suppose 803 - d = 4*g. What is the tens digit of g?
6
Suppose -3*p - 5*z + 10 = -0*p, z = 5. What is the units digit of (4 - (-35)/p) + 687?
4
What is the units digit of 161/7*5190/(-40)*16/(-6)?
8
Let o be (-6 - 65/(-5))*637. Suppose 16*x - o = 3*x. What is the hundreds digit of x?
3
Suppose 71*o = 1232957 - 244487 + 342283. What is the hundreds digit of o?
7
Let n(q) = 121*q**3 + 9*q**2 - 74*q + 235. What is the ten thousands digit of n(5)?
1
Let z be ((-44)/12 - -3) + (-16)/(-6). Suppose -8 = z*i - 16. Let r(y) = 31*y - 25. What is the units digit of r(i)?
9
Let i(d) = -d**2 - 33*d - 54. Let t be ((-45)/18)/(2/(-4)). Suppose -24 = 2*k - 4*c - c, -k - 2 = -t*c. What is the hundreds digit of i(k)?
1
Suppose -4*c - 85 = 15. Let l be -2*(-9)/(-30) + 10/c. What is the tens digit of l + 2 - 1892/(-11)?
7
Suppose 313*f - 356*f + 342366 = 0. What is the hundreds digit of f?
9
Suppose 6*o + 15323 - 56369 = 0. What is the tens digit of o?
4
Let v be 10/55 - (1 + 45945/(-11)). Suppose 972 + v = 13*b. Suppose 5*a + 4*w - 459 = 0, -a + 4*w + b = 3*a. What is the units digit of a?
5
Suppose 0 = 31*q + 55*q - 627972. What is the tens digit of q?
0
What is the units digit of (-4)/14*2 + 255460/28?
3
Let n be -114*(-5 + 1 + (-17 - -12)). Suppose 4*i + 384 = 2*r - 636, -2*r = -i - n. What is the units digit of r?
4
Suppose -22*m - j + 31474 = -19*m, -3*m + 31469 = -4*j. What is the hundreds digit of m?
4
Let z be 4/(2*(-12)/30)*-14. Let i = 141 + -82. Let k = z - i. What is the tens digit of k?
1
Let y(a) = -10*a**3 + 14*a**2 + 17*a - 28. What is the tens digit of y(-9)?
4
Let g(a) = 17*a + a**3 + 6 + 8*a - 29*a**2 + 5 + 9*a. What is the units digit of g(28)?
9
Let x(p) be the first derivative of p**4/4 - 20*p**3/3 - 15*p**2/2 - 24*p - 65. What is the units digit of x(21)?
2
What is the tens digit of -2*(2433242/(-100) - 12/150)?
6
Let n(v) = -v + 1. Let r be n(1). Suppose -5*g - t + 25 = r, -g - 1 = 2*t - 6. Suppose g*q + 95 = 6*q. What is the units digit of q?
5
Suppose -123*g = 28*g - 8*g - 10458591. What is the ten thousands digit of g?
7
Suppose -v - 15605 = -5*n + 4*v, n + 4*v - 3116 = 0. Let i = n + -2209. What is the hundreds digit of i?
9
Let q = -28353 - -51244. What is the units digit of q?
1
Suppose -28*c - 4080570 = -158*c. What is the ten thousands digit of c?
3
Let c = 66527 + -39584. What is the units digit of c?
3
Suppose -2*b - 3*w + 17 = 2*b, -2 = 2*w. Let n be 3/(-12) - (-2205)/20. Suppose -2*c - 3*c = 2*k - n, 0 = b*k - 2*c - 275. What is the tens digit of k?
5
Suppose -i - i - 4*n + 420 = 0, 4*i = 2*n + 880. What is the tens digit of (-5)/((-10)/i) - 20/5?
0
Let l(a) = a - 4. Let k be l(4). Suppose -3*c + 9 + k = 0. Suppose 0*f + c*f - 264 = 0. What is the tens digit of f?
8
Let h be -2 + (-1)/(2/4). Suppose -2*i - 2 = 4*v, i = 9*v - 12*v - 2. What is the units digit of (h/4 - 0)/(v/37)?
7
Let k(l) = -27*l + 12. Let t = -103 + -23. Let y = 123 + t. What is the units digit of k(y)?
3
Suppose -59*o + 1986968 = 50*o - 734544. What is the units digit of o?
8
Let n(b) = -b**3 + 0*b**3 - 7 + 3*b**3 + b**3 + b**3 - 9*b. What is the hundreds digit of n(6)?
8
Let a = -8983 + 16811. What is the tens digit of a?
2
Suppose -3*h = 4*y - 574, 3*y - 4*h - 418 = -0*h. Suppose -y = -x + 5*l, 102 = x - 0*x + 3*l. Let g = x - 48. What is the tens digit of g?
6
Let n = 8763 + -5286. What is the units digit of n?
7
Suppose -1269 = -o - v, -4*o - 5*v = -3*o - 1289. Suppose 52*j - 44*j = o. What is the tens digit of j?
5
Suppose -41*b = -46*b - 4785. Let i = b + 2405. What is the tens digit of i?
4
Let y = 161098 + -107951. What is the hundreds digit of y?
1
Suppose -37*p = 26869 - 234901 - 231676. What is the thousands digit of p?
1
Let n(f) = -5 + 5*f + 5*f**3 + 0 - 4*f**2 + 1. Let s be n(-4). Let x = 574 + s. What is the tens digit of x?
6
Let q be -4 + 8/2 + (-1 - -4). Suppose -3*a = 2*k - 750, a - 2*k - q*k - 267 = 0. Suppose 0 = 5*r + z - a, -3*r - 5*z + 158 = -z. What is the tens digit of r?
5
Let b(d) = 39*d**2 - 38*d + 180. Let q be b(6). Let f = q - 397. What is the hundreds digit of f?
9
What is the hundreds digit of (-7605 - ((-2 - 2) + 1))/(-1)?
6
Suppose -148 = -4*v + 124. Suppose -4*j + 0*j + v = 0. What is the tens digit of j?
1
Suppose -4*n + j = 6*j + 1577, n + 397 = -4*j. Let i be -5 - -1 - (20 + n). Suppose s + 2*s + 3*d = 234, -5*s + 2*d + i = 0. What is the tens digit of s?
7
Suppose -2725893 = -92*f + 971648 + 1467523. What is the thousands digit of f?
6
Let s(u) = -163*u + 34. Let z be s(-10). Suppose j = -4, -8*y + 2*j + z = -2*y. What is the units digit of y?
6
Let a(z) = z**3 + 5*z - 13. Suppose 2*u = -g - 1, g + 0*u = 3*u + 19. What is the units digit of a(g)?
5
Suppose -4*z = -2*g + 6, 0*g = -5*g + 2*z - 9. Let m be (9 + 1 + -4)*2/g. Let s(h) = -12*h + 4. What is the units digit of s(m)?
2
Let i(y) = -y**2 + 2*y - 186. Let f be i(0). What is the units digit of 6/24 - f*3/8?
0
Suppose a + 64 = h, -8*h = -3*a - 13*h - 176. What is the hundreds digit of (7/(-14) + -6)*a?
4
Let j = 166683 - 104791. What is the ten thousands digit of j?
6
Let u(d) = 6*d - d + 0*d + 5*d + 12. Suppose -5*y = -8 - 22. What is the units digit of u(y)?
2
Let x = -78 - -313. Suppose x = 8*z + 1731. Let c = 267 + z. What is the units digit of c?
0
Let y = -586 - -590. What is the tens digit of (y - 1)*17/((-102)/(-52))?
2
Let g(d) = 530*d**2 - 48*d + 152. What is the units digit of g(3)?
8
Let x(g) = -110*g - 9. Let r be x(-1). Let y = 207 - r. Let w = 11 + y. What is the hundreds digit of w?
1
Suppose -v + 92 = 4*q, -5*q = 1 + 9. Let j = -26 + v. Suppose -39*o + j = -37*o. What is the units digit of o?
7
Let t(d) = d + 23. Let z be t(-9). Suppose z*l - 6*l - 512 = 0. What is the units digit of l?
4
Let d(k) = 19162*k**3 - k**2 - 11*k + 13. What is the hundreds digit of d(1)?
1
Let y = 1032 - 206. What is the tens digit of y?
2
Let x be -1*(-2)/5 - 4/10. Suppose x = 5*y - 11*y + 1002. What is the tens digit of y?
6
Let x(h) = h**2 - 4*h - 9. Let y be x(5). What is the units digit of (-402)/(y/(112/21))?
6
Let n = 55448 - 35746. What is the units digit of n?
2
Suppose -5*a + 3 = -2, 2*c + 5*a = 11. Suppose -c*t + 190 - 55 = 0. Suppose 2*m - r - 30 = t, -r - 147 = -4*m. What is the units digit of m?
6
Let s(z) = -3*z**3 + 6*z**2 + 13*z + 9. Let k be s(-2). Suppose k*p + 5627 = 42176. What is the tens digit of p?
7
Let h be -22*2/(-4) - 2. Let p(c) = -60*c + 248. Let b be p(4). Let r = h - b. What is the units digit of r?
1
Let k(a) = 2*a**3 - 88*a**2 + 36*a - 69. What is the tens digit of k(46)?
5
Let c(t) = -53*t + 147. Let v = -321 - -311. What is the units digit of c(v)?
7
Let i(m) be the second derivative of m**3/3 + 52*m**2 - 17*m. Let x be i(0). Suppose s + 11 = x. What is the te